28 + 23))
-6
What is the value of (-21 - -1) + (32 - (34 + -12))?
-10
16 + (-6 - (2 + 6))
2
Calculate (36 - 14 - -28) + -19.
31
Evaluate (37 - 20) + (-4 - ((-2 - -7) + -1)).
9
Calculate -1 + 15 - 1 - (-36 - -45).
4
-11 - (-45 - -39 - (1 - (3 + 4)))
-11
7 + (1 + -33 - (-11 - 10 - -13))
-17
What is the value of (6 - (-2 - -2)) + (10 - 8) + -16?
-8
(24 - 2) + (-145 - -159) + (2 - 12)
26
Evaluate -4 - (15 + 10 + 8 + -52).
15
Evaluate -19 + (-8 - -4) + 19.
-4
What is the value of -13 + 37 + -14 + 5 + 2?
17
Calculate (1 - (-1 + (-4 - -2))) + (26 - 13).
17
What is the value of (17 - -3) + 8 + (-1 - 13)?
14
What is the value of (142 - 148) + (-10 + 7 - (9 - -1))?
-19
Evaluate -22 + -6 + (9 - 2) + -3.
-24
What is the value of 1 + 21 + (-13 - (2 + -9)) - -3?
19
(-20 - (-1 + 0)) + -13 + 10
-22
What is 2 - (2 - 5) - 5 - -6?
6
What is -24 - (15 + -24 + (1 - -5))?
-21
Evaluate -12 + (19 - (0 - -5)) - 17.
-15
What is the value of (-1 - -13) + 54 + -56 + 3?
13
What is the value of -7 + (-1 - -17) + -12?
-3
What is 14 - 1 - (-33 - -46) - (-1 + 0)?
1
346 - 363 - (-1 + (17 - -1))
-34
-8 + (39 - -2 - 31)
2
-4 + -18 + 9 + (-1 + 1 - -3)
-10
Evaluate (0 - 8) + 14 + (4 - 9) + -1.
0
What is -2 - (4 + ((8 - 3) + 2 - 10))?
-3
What is -1 + 10 - (-70 + 77) - (16 - 5)?
-9
What is 4 - (-5 + -4 + 6 - (-2 - -4))?
9
Evaluate (-19 - -11 - -18 - (-1 - -44)) + 4.
-29
Calculate -2 + 1 - (2 + -2 - (11 - 7)).
3
Calculate (-13 - (8 + -8)) + 7 - -1.
-5
Calculate -1 + 1 + -16 - (0 - (-14 + 19)).
-11
(-27 + -1 - -29) + 21
22
Evaluate (-38 - -53) + -19 - (7 + 1).
-12
What is the value of -54 + 50 - (2 + 0 + -1 - 8)?
3
(12 - 2) + 30 + -47 + 3 - -4
0
Calculate 7 + (24 + -28 - (-1 + -6) - 13).
-3
-16 + (21 - (-4 + 19))
-10
What is the value of (24 - 16) + -42 - -26?
-8
Evaluate (6 - 23) + (47 - 48).
-18
Evaluate -7 + -3 + 1 - -7 - (15 + -2).
-15
Evaluate (12 - (21 - (-21 - -7))) + -1.
-24
34 + -18 + -25 + 36
27
Evaluate 5 + (-1 - (-3 + 6 + (-6 - -13))).
-6
6 + (-5 - -1) + 91 + -102 - -2
-7
What is -6 + (12 - (17 + -8))?
-3
Evaluate 29 + (-1 - (15 - (-4 - -13))) - 1.
21
Evaluate -65 + 29 + (-2 - -2).
-36
Calculate 0 - -2 - (-13 - (-5 + 2)).
12
What is -8 + (3 - -5 - (-10 + 16))?
-6
(-1 - (1 - 3)) + -2 + -7 - -2
-6
21 + (4 - 4) - (-20 - -32)
9
What is -18 + (9 - 2) + 8?
-3
Calculate -5 - (-36 + 36) - (20 - -2).
-27
Evaluate -1 + 3 + (1 - 8).
-5
Evaluate 6 - (-3 - (-11 + 2) - (29 + -28)).
1
Calculate -8 + 9 + -11 - (-5 + -5).
0
Calculate 79 - 75 - (-1 + 8).
-3
Evaluate -2 + -11 + 20 - (0 + -8) - -1.
16
What is the value of 2 + -2 + 4 - (250 - 252)?
6
What is the value of -14 - -7 - (-10 + 2)?
1
What is the value of -2 + 0 + 4 - (25 - (9 - -15))?
1
Evaluate 17 - (32 + -43) - 56.
-28
(20 + -11 - (28 - 2)) + -2
-19
8 + -4 + 0 - (128 + -147)
23
-6 + 7 + 0 - -8
9
What is the value of 1 - -2 - 8 - ((1 - -1) + 5)?
-12
What is (14 - 0) + 0 + (275 - 280) + 7?
16
What is the value of (65 - 26) + 6 + (-19 - -8)?
34
Evaluate -95 - -29 - -13 - -24.
-29
What is (2 + 3 - (-1 + 2 - 0)) + 4?
8
Calculate (3 + -3 - -22 - (46 + -45)) + -3.
18
What is the value of 1 + 8 + 5 + -19 + 10?
5
Evaluate -1 + -10 - (9 - (-3 + (11 - -4))).
-8
19 - (8 + 16 + -9)
4
Evaluate -7 + -1 - (-3 - -9 - (10 + -4)).
-8
What is 3 + (-2 - -10) + -13?
-2
Evaluate (-17 - -35) + (-17 - -22).
23
Evaluate (2 - 11 - -6) + (-3 - -1).
-5
What is -15 + -3 + 83 + -61 + 13?
17
What is the value of 13 + -1 + (3 - (2 - (-7 - -1)))?
7
What is (-4 - 17) + 22 - (3 - 1 - 19)?
18
What is the value of 8 - (10 - -3) - -26 - 8?
13
What is 9 - 11 - (-10 + 1 + 5 + -10)?
12
Calculate -8 + 1 + (-9 - -24) + -4.
4
Calculate -9 + -3 + 30 + -11 + 7.
14
Calculate (-28 + -10 - -26) + 39.
27
What is the value of -8 - (37 + -24 + (-2 - 42))?
23
34 + -71 + -2 + 26
-13
What is (9 - 27) + 1 + 8?
-9
-3 + 28 + (-20 - -11 - -6)
22
Evaluate 0 + (-8 - (4 + -4 - 14 - -3)).
3
Evaluate 9 + 3 + -5 - (-25 - -22).
10
Calculate -348 - -337 - (-28 - (-3 - -2 - 0)).
16
What is the value of (-55 - (-63 - -16)) + (-3 - 2)?
-13
What is the value of -3 + (-1 - (14 - (2 + 6)))?
-10
What is -13 + (10 - 4) + 17 - 14 - -1?
-3
What is the value of (-5 - -19) + -15 - ((-2 - -2) + -6)?
5
What is -4 + 2 + 31 + -63 + 83 + -30?
19
What is 482 + -476 + (-2 - (3 + 1))?
0
What is the value of (-3 - -4 - -2) + -217 + 203?
-11
What is -59 + 58 + (3 - (5 + 2))?
-5
Calculate -17 + (35 - (46 - 23)).
-5
What is -2 + 0 + -10 + (-186 - -203)?
5
What is (-10 - -19 - (4 + 9)) + 10?
6
Evaluate 1 - ((-4 - 17 - -10) + (0 - 1)).
13
What is 0 + -1 - -9 - (338 - 319)?
-11
Calculate -5 + 10 + -12 + (10 - 3) + 19.
19
Calculate 37 + 71 + -55 + 4 + -27.
30
8 + (-8 - -2) + -11 - -2
-7
Calculate 16 + ((3 - 7) + 10 - 13).
9
What is -15 + 3 + -12 + 7 - -3?
-14
What is 5 + (-15 + -15 - -12) - -44?
31
29 - (47 - 77 - -27)
32
2 + (1 - 1) + -58 + 50
-6
18 - (39 + -22) - (-6 - 0)
7
Evaluate 5 - 0 - (-19 - -25) - 2.
-3
Evaluate -5 - (-7 + -3 + 9) - (-21 - 0).
17
What is -6 - 1 - (1 - (21 - 7))?
6
-57 - -48 - ((-4 - (1 - 2)) + -2)
-4
What is 14 - (1 - (4 - (-7 - -15)))?
9
Calculate -1 + -5 + -2 + 9 + -3.
-2
What is -3 + -4 + (5 - (2 + -2)) + -7?
-9
-2 + -17 + (42 - 18)
5
-26 + -4 + (-2 - -3 - (-10 - -1))
-20
What is the value of 13 + -14 + 21 - -2 - 3?
19
What is 3 + (13 - (14 + -5))?
7
What is the value of -5 - (13 - 30 - -16)?
-4
What is the value of -37 - (-8 + -9 + 0 - 0)?
-20
What is 5 - 7 - (2 + -6) - (1 + -5)?
6
What is the value of -13 - -29 - -5 - 13?
8
What is the value of 1 + 0 + (-5 - -21 - (-21 - -10))?
28
6 + 5 + -15 + 3 + 16
15
(48 - 94 - -47) + 28 + (3 - 3)
29
Calculate -1 + 7 + 1 + -1 + -21 - -1.
-14
What is the value of (-58 - -54) + (5 - -15)?
16
What is the value of 52 - (31 + 50) - (-2 + -4)?
-23
Evaluate -23 + 12 + -2 - -25.
12
-3 + 0 - (-276 + 277)
-4
What is the value of -27 - -45 - (18 + -1)?
1
What is the value of -10 - (6 + -4 + 5 - 15) - -8?
6
-5 - -2 - ((0 - 31) + (-168 - -164))
32
-15 - (1 + -15 + 4 + -30)
25
Evaluate 10 - (12 + (3 - 22) - (-12 - 1)).
4
Evaluate -3 + 0 - (7 + 5 + -7 + -6).
-2
Calculate -5 - (1 - 2) - (-84 - -25 - -64).
-9
Evaluate 12 + -13 + (-5 - -24 - 11).
7
Calculate (23 - -17 - 18) + (4 - -1).
27
What is the value of 14 - (4 + (7 - 9) - -2)?
10
Calculate (-28 - (-3 - -23)) + 25.
-23
Calculate -2 + (-6 - (-4 - 3) - -2) + 4.
5
What is the value of 0 - (-1 + 3 + 9 + -8 + -5)?
2
What is the value of 8 - (-10 - -2) - 35?
-19
(-77 - 56 - -136) + 1 + 0 + -32
-28
Calculate -10 - (-22 - (-19 + 6)).
-1
Evaluate 6 - -2 - (-5 - 3 - -23).
-7
What is the value of -1 - (16 - (43 - (18 + -2)))?
10
1 + (13 - (3 + 3)) - (8 + -10)
10
What is 0 + 3 + 6 + 162 + -149?
22
Calculate -2 + 14 + (-24 - -14).
2
What is the value of -25 - (-22 + -17 + 47)?
-33
What is (-230 - -219) + (-23 - -4)?
-30
Evaluate -38 + 18 - (-7 + 24).
-37
Evaluate 1 + 0 + -827 + 826.
0
Evaluate (12 - (3 + 0) - 5) + 18.
22
What is (26 - 11) + 0 + -9?
6
What is (-4 + 5 - (-26 + -4)) + -9?
22
What is the value of -1 + -1 + (3 - 2) + -9?
-10
Calculate (4 - 5 - (-3 - -2)) + -2 + 9.
7
Evaluate -8 + 25 + -7 + -3.
7
What is (-9 - -12) + (8 - 51) + 18?
-22
Calculate 30 - (48 + -37 + 20).
-1
What is the value of 12 + (-23 - (15 - 20)) + -6?
-12
14 + -6 + -2 + -6
0
Calculate (15 + 59 - 82) + -21 + -2.
-31
Calculate 11 - (8 + 11) - 31 - -16.
-23
What is the value of 12 + -4 + (1 - -9) + -8?
10
What is the value of -14 - (5 + 11 - 38)?
8
-7 - ((-2 - -5) + -8 + 8 + -15)
5
Calculate 20 + -31 - -57 - 20.
26
-500 - -491 - (-4 - -6 - (-1 + -7))
-19
What is (-53 - (30 - 43)) + 14 + -2?
-28
What is -15 - -18 - (-3 + 9) - (2 - -13)?
-18
What is the value of 25 + (-19 - 1 - -7)?
12
What is 14 + 3 + 14 - 6?
25
What is (-23 - -6 - 4) + 15?
-6
Calculate -5 - 2 - (5 - 2).
-10
What is 19 + -23 + (7 - -3) + (-5 - -2)?
3
-2 + 12 - (-499 - -474)
35
What is 1 + (13 - 26) + (-1 - -1)?
-12
Calculate 11 + -4 + (42 + -37 - (-1 - -5)).
8
Evaluate (6 - 35) + (2 - (-8 - 2)).
-17
Calculate (39 - 0) + 44 + -69.
14
Calculate 2 + (-3 + (-8 - -2) - 0).
-7
What is the value of 3 + -2 + 4 + -4 - -12?
13
Evaluate -14 - (-31 + 10 + 13).
-6
Calculate -7 + (2 + -14 + 5 - -2) + -4.
-16
Calculate (21 + -25 - -1) + 14 + 1.
12
Calculate (132 - 160) + (-4 - 9).
-41
Calculate (5 - (-8 + -6 + 42)) + 9.
-14
Calculate 11 - (19 + -26 - -20).
-2
What is -2 - 1 - (-89 - -71)?
15
6 + 9 + 